v*x, 4*x - 7 = 5*d + 5. Let u = d - -37. What are the prime factors of u?
37
Suppose 64*p = 68*p - 656. List the prime factors of p.
2, 41
Let p(h) = -134*h + 121. What are the prime factors of p(-2)?
389
Let t(c) = c**2 + 43. List the prime factors of t(-22).
17, 31
Let t = -766 + 3881. List the prime factors of t.
5, 7, 89
Let n = 3 + 4. Let y = 32 + n. List the prime factors of y.
3, 13
What are the prime factors of ((-588)/(-56))/(6/316)?
7, 79
Suppose -5*w + 3553 = -4*q, 5*w - 3543 = -12*q + 11*q. List the prime factors of w.
709
Let t be -3 - -2 - 0 - 9. Let u be (1280/(-50))/(4/t). Suppose -6*z + 4*z - 3*g + 133 = 0, 2*g = -z + u. What are the prime factors of z?
2, 37
What are the prime factors of 547 + (12/(-9))/(4/(-12))?
19, 29
Let m(t) = -t**2 + 10*t + 3. Let v be (-40)/(-6) - 2/3. Let r be m(v). Suppose -4*d + 111 = r. What are the prime factors of d?
3, 7
Let v(z) be the first derivative of -z**4/2 - 7*z**3/3 + z**2/2 + 3*z + 8. What are the prime factors of v(-5)?
73
List the prime factors of ((-30)/(-25)*3)/((-10)/(-325)).
3, 13
List the prime factors of 18/(-2) - (-80 - 2601).
2, 167
Let b be 78/14 - (-32)/(-56). Suppose 4*a - 102 = -t - t, b*a - 124 = t. What are the prime factors of a?
5
Suppose m - h - 19 = -0*h, 5*m - 3*h - 91 = 0. What are the prime factors of m?
17
Let m(i) = i + 6. Let a be m(18). Let p(f) = -38 - 7*f + 16 + a. What are the prime factors of p(-2)?
2
Let m = -2012 + 3664. What are the prime factors of m?
2, 7, 59
Suppose 257*c - 193600 = 207*c. What are the prime factors of c?
2, 11
What are the prime factors of 0 + (-6 - -1321 - -6)?
1321
Let h(n) = n**3 - 8*n**2 + 3*n - 18. Let k be h(8). Suppose z + l - 46 = 0, -4*z + k*z = 2*l + 92. What are the prime factors of z?
2, 23
Let s(j) = -19*j + 3. Let i be s(-5). Suppose 3*f + 3*c = 306, -f = 7*c - 2*c - i. Let x = -72 + f. List the prime factors of x.
31
Let y = 916 + -179. List the prime factors of y.
11, 67
Suppose -5*r + 1776 = -2*f, -7*f - 1070 = -3*r - 8*f. What are the prime factors of r?
2, 89
Suppose 13*m - 154 = 12*m. Suppose 0 = 4*a - 174 - m. List the prime factors of a.
2, 41
Let j(k) = -5*k - 3 + 3*k + 5. Let p be j(1). Suppose p = 2*m - 41 + 9. List the prime factors of m.
2
Let f = -81 + 92. Suppose 5*h = f*h - 504. List the prime factors of h.
2, 3, 7
Let d(w) = -w**3 + 12*w**2 + 8*w + 52. Suppose 0*a - 15 = -2*a - 3*i, 0 = -4*a - 3*i + 39. List the prime factors of d(a).
2, 37
Let z(r) = 13*r**2 - 2*r + 1. Let q(c) = -c - 6. Let l be q(-4). Let h be z(l). Suppose -4*n = h - 193. What are the prime factors of n?
2, 17
Let y(l) = l**2 + 13*l + 17. Let j be (-852)/54 + (-4)/18. What are the prime factors of y(j)?
5, 13
List the prime factors of (-6)/(60/(-45455)) + 10/(-20).
3, 5, 101
Suppose o - 37 = 5*u, 0*u = 4*u - o + 30. Let i be 9*(-4)/42*u. Suppose i*t + t = 476. List the prime factors of t.
2, 17
Suppose 4 = a - 6. Suppose 2*h + a = 4*h. What are the prime factors of h?
5
Suppose -i - 10 = 4*i - 5*h, 2*i + 11 = -5*h. Let l be -3 + 10 + i + -6. What are the prime factors of 71 - (-12)/(-8)*l?
2, 37
Let q = -108 - -348. Suppose 3*u = q + 99. What are the prime factors of u?
113
Suppose -6*w + 4*w + 134 = 0. Suppose -4*x + 169 + w = 0. List the prime factors of x.
59
Let g(f) be the second derivative of 15/2*f**2 + 0 - 1/20*f**5 - f**4 - 3*f - 7/3*f**3. What are the prime factors of g(-11)?
2, 3
Let z(m) = 4*m**3 - 7*m**2 - 2*m - 13. List the prime factors of z(4).
3, 41
Let n = 410 + 50. What are the prime factors of n?
2, 5, 23
Let k(v) = 22*v + 19. What are the prime factors of k(27)?
613
Let t = -1060 + 1098. What are the prime factors of t?
2, 19
What are the prime factors of -5 - 3 - -1027 - (-2 - 2)?
3, 11, 31
Let d(x) be the third derivative of -x**5/15 + x**4/12 + x**3/2 + 2*x**2. Let j(a) = a. Let o(c) = -d(c) + 6*j(c). List the prime factors of o(2).
3, 7
Let j(c) = 16*c**2 + 3*c - 2. Let g(n) = 2*n - 3. Let h be g(2). What are the prime factors of j(h)?
17
List the prime factors of 10/6*67014/85.
2, 3, 73
Let n = 3738 - 1205. What are the prime factors of n?
17, 149
List the prime factors of (-21308)/70*20/(-4).
2, 761
Let v(j) = j**3 - 17*j**2 - j + 16. Let p be v(17). List the prime factors of p/(-2) + (-570)/(-12).
2, 3
Let i = 67 + -66. List the prime factors of -7 + 3/i + 9.
5
Let x(r) = 3*r**2 - 20*r - 22. Let u be x(17). Suppose -p - u = -4*l, -5*l + 0*l + 625 = 5*p. What are the prime factors of l?
2, 3, 7
Let a = 5 - 12. Let w(x) = x**3 - 3*x**2 - 6*x + 12. Let v be w(8). List the prime factors of v/14 - (-2)/a.
2, 5
Let a(r) = -r**3 - r**2 - r + 1. Let i be a(3). Let o be -1 - (-57 - (0 + 3)). Let l = i + o. What are the prime factors of l?
3, 7
Let d(a) = 5*a + 17. Let y be d(-6). Let x = y - -28. Let k = 17 - x. List the prime factors of k.
2
Let c(r) be the first derivative of -9*r**2 - 9*r + 6. List the prime factors of c(-5).
3
Let y(l) = -l**2 - 37*l - 76. Let c be y(-23). Suppose 2*z = -z + c. List the prime factors of z.
2, 41
Let z(t) = t**3 - 6*t**2 - 8*t - 12. Let a be z(6). List the prime factors of (-198)/5*a/18.
2, 3, 11
Suppose -4*v + 5*k - 2*k = -13570, -v + 3397 = -3*k. List the prime factors of v.
3391
Let f(n) = 176*n - 299. What are the prime factors of f(8)?
1109
Let f(l) = 28*l**2 + 5*l - 2. Let c be f(-4). Suppose 0 = -2*q + c - 16. Suppose 15*k = 20*k - q. List the prime factors of k.
41
Suppose r - 8 + 4 = 0. Suppose -390 = 2*g - r*g. List the prime factors of g.
3, 5, 13
Suppose -4*v + 315 = s - 132, -849 = -2*s + v. What are the prime factors of s?
7, 61
Let f(x) = x**3 - 10*x**2 - 7*x - 20. Let d(l) = 5*l**3 - 50*l**2 - 34*l - 100. Let a(t) = -2*d(t) + 11*f(t). List the prime factors of a(11).
2
Suppose 4*c = c - 3*l, -5*c + 2 = 4*l. Suppose 251 - 53 = c*n. What are the prime factors of n?
3, 11
Suppose 4*s - 6 = 2*s, 2*s = g - 1133. List the prime factors of g.
17, 67
Suppose 4*w - h - 10759 = 0, -3931 - 6840 = -4*w + 5*h. What are the prime factors of w?
2689
Let b = 13 + -8. Suppose b*d - 15 = 4*d. Suppose 3*k - 51 = d. List the prime factors of k.
2, 11
Let c(m) = 25*m**2 + 2*m + 3. Let w be c(-3). Let s = w + -350. What are the prime factors of 1/(s/44 - -3)?
11
Let d(s) = s**2 + 24*s + 131. What are the prime factors of d(-31)?
2, 3, 29
Let b = 39 - 23. Suppose b*r + 22 = 18*r. List the prime factors of r.
11
Let j(y) be the third derivative of 0 + 4/3*y**3 + 0*y - 5/24*y**4 - 2*y**2. List the prime factors of j(-5).
3, 11
Let p(x) = x**3 - 3*x**2 - 41*x - 62. What are the prime factors of p(14)?
2, 5, 19
Let n = 800 - 515. What are the prime factors of n?
3, 5, 19
Suppose -20 = 6*u - 11*u. Suppose 107 - 43 = u*b. List the prime factors of b.
2
Let g(w) be the third derivative of w**6/120 - w**5/6 + w**3/3 + 7*w**2. Let t be g(10). List the prime factors of (t - 0) + 2*8.
2, 3
Let j = 4 - -4. Let k(o) = 6 - 3 + o**2 + j*o**3 - 4. List the prime factors of k(1).
2
Suppose 2*m = 2 + 38. What are the prime factors of 921/5 + (-2)/m*2?
2, 23
Let q = 11 + -6. Suppose -334 = -q*c - 64. What are the prime factors of c?
2, 3
Let y(a) = a**3 + 3*a**2 - 5*a - 1. Let r be y(-4). Suppose -3*q + 6*q = -r*p - 3, -3*q = 5*p - 3. What are the prime factors of (-111)/(-12) - (-1)/q?
3
Suppose 122598 = 33*x + 9*x. List the prime factors of x.
3, 7, 139
Suppose 4*c = 11*c - 1743. Suppose 0 = 10*f + c - 1479. List the prime factors of f.
3, 41
Let u = 19 + -13. Suppose u*m - 129 = 3*m + 3*c, 206 = 5*m - 2*c. Let x = 15 + m. What are the prime factors of x?
5, 11
Let y be (-1)/(1/2*-2). Let g be y/((-25)/15 + 2). Suppose -5*r + g*j + 108 = 0, 2*r - 4*j - 67 = -r. What are the prime factors of r?
3, 7
Let u = 58 - 82. Let z = u - 26. Let n = z + 92. What are the prime factors of n?
2, 3, 7
Let p be ((-12)/(-15))/(2/5). Suppose -2 = -3*a + 7. What are the prime factors of -6*(p + -5)/a?
2, 3
Let a = -3095 + 4417. Suppose 10*c - 3792 = -a. List the prime factors of c.
13, 19
Let j be (-20)/(-90) + (-374)/(-18). Let o = 21 - j. What are the prime factors of 21/(3/3 + o)?
3, 7
What are the prime factors of (-2)/(7696/(-11508) + (-20)/(-30))?
7, 137
Let l(j) = -3*j - 3. Let u be l(-2). Suppose 11*o - 9*o = 10. Suppose 0 = u*b + 2*t - 173 - 7, o*t = 0. What are the prime factors of b?
2, 3, 5
Suppose 5*